{"id":11,"date":"2025-01-19T13:12:30","date_gmt":"2025-01-19T13:12:30","guid":{"rendered":"http:\/\/unia.lachicka.pl\/?page_id=11"},"modified":"2025-01-19T13:13:22","modified_gmt":"2025-01-19T13:13:22","slug":"jak-uwolnic-pojazd","status":"publish","type":"page","link":"https:\/\/unia.lachicka.pl\/index.php\/jak-uwolnic-pojazd\/","title":{"rendered":"JAK UWOLNI\u0106 POJAZD?"},"content":{"rendered":"<p align=\"justify\"><span style=\"color: #000000;\"><span style=\"font-size: small;\">Pierwszym krokiem jest opracowanie potrzebnych narz\u0119dzi prawnych. Przygotowujemy je w Biurze Narodu i wysy\u0142amy poczt\u0105 tradycyjn\u0105 do umocowania (podpisania) i z\u0142o\u017cenia w tzw. s\u0105dzie, tzw. urz\u0119dach lokalnie w miejscu Twojego zamieszkania. Nast\u0119pnie wystarczy przygotowa\u0107 plik, kt\u00f3ry wozisz ze sob\u0105 w poje\u017adzie i zam\u00f3wi\u0107 oznaczenia UNIA LACHICKA (szczeg\u00f3\u0142y dalej), wymieni\u0107 je i cieszy\u0107 si\u0119 uwolnionym siedzeniem w poruszaj\u0105cym si\u0119 poje\u017adzie.<\/span><\/span><\/p>\n<h3 class=\"western\"><a name=\"__RefHeading___Toc79021_2502876469\"><\/a>WICI, JAKIE POTRZEBUJEMY, BY PRZYGOTOWA\u0106 UWOLNIENIE<\/h3>\n<ul>\n<li>Twoja Godno\u015b\u0107, czyli Imi\u0119 z rodu Nazwisko rodowe (np. Rados\u0142aw z rodu Michalak) \u2013 proponujemy poda\u0107 inny r\u00f3d ni\u017c ten, kt\u00f3ry widnieje w tzw. do-wodzie osobistym, mo\u017ce by\u0107 po mamie, babci, dziadku, tak jak czujesz (i tak te\u017c przedstawia\u0107 si\u0119 w przypadku kontroli z usuni\u0119ciem tego scenariuszy)<\/li>\n<li>tzw. nr PESEL (zamiast drugiej cyfry * dla pieczy)<\/li>\n<li>tzw. numer rejestracyjny pojazdu (przejmujemy go na w\u0142asno\u015b\u0107 wraz z uwolnieniem)<\/li>\n<li>fikcja tzw. nr V-I-N (bez win)<\/li>\n<li>fikcja tzw. modelu i marki pojazdu<\/li>\n<li>tzw. nr polisy ubezpieczeniowej<\/li>\n<li>tzw. towarzystwo ubezpieczeniowe \/ wystawca polisy<\/li>\n<\/ul>\n<h3 class=\"western\"><a name=\"__RefHeading___Toc79023_2502876469\"><\/a>SK\u0141ADANIE<\/h3>\n<p align=\"justify\"><span style=\"color: #000000;\"><span style=\"font-size: small;\">Dostajesz od nas gotowy komplet narz\u0119dzi uwolnienia: <\/span><\/span><\/p>\n<ul>\n<li>\n<p align=\"justify\"><span style=\"color: #000000;\"><span style=\"font-size: small;\">Precedens Drogowy, <\/span><\/span><\/p>\n<\/li>\n<li>\n<p align=\"justify\"><span style=\"color: #000000;\"><span style=\"font-size: small;\">Procedur\u0119 Policyjn\u0105, <\/span><\/span><\/p>\n<\/li>\n<li>\n<p align=\"justify\"><span style=\"color: #000000;\"><span style=\"font-size: small;\">PRAWOMOCNE ORZECZENIE (U-Bez-Pieczeniowe),<\/span><\/span><\/p>\n<\/li>\n<li>\n<p align=\"justify\"><span style=\"color: #000000;\"><span style=\"font-size: small;\">DEKRET STANOWIENIA (Uwolnienie od Pojazdu),<\/span><\/span><\/p>\n<\/li>\n<\/ul>\n<p align=\"justify\"><span style=\"color: #000000;\"><span style=\"font-size: small;\">ka\u017cdy z nich w 5 egzemplarzach. <\/span><\/span><\/p>\n<p align=\"justify\"><span style=\"color: #000000;\"><span style=\"font-size: small;\">Na <\/span><\/span><span style=\"color: #000000;\"><span style=\"font-size: small;\">DEKRECIE STANOWIENIA<\/span><\/span><span style=\"color: #000000;\"><span style=\"font-size: small;\"> I <\/span><\/span><span style=\"color: #000000;\"><span style=\"font-size: small;\">PRAWOMOCNYM<\/span><\/span> <span style=\"color: #000000;\"><span style=\"font-size: small;\">ORZECZENIU<\/span><\/span><span style=\"color: #000000;\"><span style=\"font-size: small;\"> mocujesz si\u0119 (sk\u0142adasz tzw. podpis, autograf) na ka\u017cdym egzemplarzu w miejscu <\/span><\/span><span style=\"color: #000000;\"><span style=\"font-size: small;\"><b>Wykazuj\u0105cy si\u0119 umocowaniem<\/b><\/span><\/span><b> <\/b><span style=\"color: #000000;\"><span style=\"font-size: small;\"><b>r<\/b><\/span><\/span><span style=\"color: #000000;\"><span style=\"font-size: small;\"><b>od\u00f3w<\/b><\/span><\/span><span style=\"color: #000000;\"><span style=\"font-size: small;\">, czerwonym d\u0142ugopisem, godno\u015bci tak jak <\/span><\/span><span style=\"color: #000000;\"><span style=\"font-size: small;\">nam poda\u0142e\u015b i zapisane jest<\/span><\/span><span style=\"color: #000000;\"><span style=\"font-size: small;\"> na pierwszej stronie, czyli Imi\u0119 z rodu Nazwisko rodowe. <\/span><\/span><span style=\"color: #000000;\"><span style=\"font-size: small;\">Jako, \u017ce jest to Twoja wola, w chwili umocowania ma to ju\u017c moc prawn\u0105. Sk\u0142adamy do tzw. s\u0105du i tzw. urz\u0119d\u00f3w do i dla tego cz\u0142owieka, kt\u00f3ry to przyjmuje, aby go wyci\u0105gn\u0105\u0107 z k\u0142amstwa i krzywdzenia. <\/span><\/span><span style=\"color: #000000;\"><span style=\"font-size: small;\">Na Precedensie Drogowym i Procedurze Policyjnej w przypadku, gdy w jednym miejscu brakuje umocowania dobrze jakby umocowa\u0142a si\u0119 jaka\u015b inna Istota, np. \u017cona, s\u0105siad, przyjaciel.<\/span><\/span><\/p>\n<p align=\"justify\"><span style=\"color: #000000;\"><span style=\"font-size: small;\">Sk\u0142adamy na biurze podawczym <\/span><\/span><span style=\"color: #000000;\"><span style=\"font-size: small;\"><b>z zachowaniem procedury obiegowej<\/b><\/span><\/span><span style=\"color: #000000;\"><span style=\"font-size: small;\">, czyli id\u0105c w pierwsze miejsce np. do tzw. s\u0105du, maj\u0105c przy sobie po 5 egzemplarzy, prosimy o piecz\u0119\u0107 WP\u0141YN\u0118\u0141O na ka\u017cdym z nich, zostawiamy <\/span><\/span><span style=\"color: #000000;\"><span style=\"font-size: small;\">w tzw. s\u0105dzie<\/span><\/span><span style=\"color: #000000;\"><span style=\"font-size: small;\"> po 1 egzemplarzu, reszt\u0119 zabieramy ze sob\u0105. W kolejnym miejscu, maj\u0105c przy sobie po 4 egzemplarze podbite ju\u017c przez tzw. s\u0105d ponownie prosimy o piecz\u0119\u0107 na ka\u017cdym z nich, zostawiaj\u0105c po 1 egzemplarzu. W ten spos\u00f3b na ostatnim egzemplarzu, <\/span><\/span><span style=\"color: #000000;\"><span style=\"font-size: small;\">kt\u00f3ry zostaje dla nas, <\/span><\/span><span style=\"color: #000000;\"><span style=\"font-size: small;\">mamy potwierdzenie ze wszystkich miejsc, w kt\u00f3rych zosta\u0142o to z\u0142o\u017cone. <\/span><\/span><\/p>\n<p align=\"justify\"><span style=\"color: #000000;\"><span style=\"font-size: small;\">Komplet narz\u0119dzi (<\/span><\/span><span style=\"color: #000000;\"><span style=\"font-size: small;\">Precedens Drogowy, Procedur\u0119 Policyjn\u0105, <\/span><\/span><span style=\"color: #000000;\"><span style=\"font-size: small;\">PRAWOMOCNE ORZECZENIE<\/span><\/span><span style=\"color: #000000;\"><span style=\"font-size: small;\">, <\/span><\/span><span style=\"color: #000000;\"><span style=\"font-size: small;\">DEKRET STANOWIENIA<\/span><\/span><span style=\"color: #000000;\"><span style=\"font-size: small;\">)<\/span><\/span> <span style=\"color: #000000;\"><span style=\"font-size: small;\">sk\u0142adamy do:<\/span><\/span><\/p>\n<ol>\n<li>\n<p align=\"justify\"><span style=\"color: #000000;\"><span style=\"font-size: small;\">Tzw. S\u0105d Rejonowy lub tzw. S\u0105d Okr\u0119gowy (mo\u017cemy te\u017c do r\u00f3\u017cnych tzw. s\u0105d\u00f3w, np. precedens i procedur\u0119 do okr\u0119gowego, a orzeczenie i dekret do tzw. rejonowego)<\/span><\/span><\/p>\n<\/li>\n<li>\n<p align=\"justify\"><span style=\"color: #000000;\"><span style=\"font-size: small;\">Tzw. Starostwo Powiatowe lub tzw. Urz\u0105d Miasta \u2013 Wydzia\u0142 Komunikacji<\/span><\/span><\/p>\n<\/li>\n<li>\n<p align=\"justify\"><span style=\"color: #000000;\"><span style=\"font-size: small;\">Tzw. Komenda Policji<\/span><\/span><\/p>\n<\/li>\n<li>\n<p align=\"justify\"><span style=\"color: #000000;\"><span style=\"font-size: small;\">Tzw. Towarzystwo Ubezpieczeniowe \/ wystawca polisy<\/span><\/span><\/p>\n<\/li>\n<li>\n<p align=\"justify\"><span style=\"color: #000000;\"><span style=\"font-size: small;\">ostatni egzemplarz jest dla Ciebie jako potwierdzenie z\u0142o\u017cenia, trzymasz je u siebie w archiwum<\/span><\/span><\/p>\n<\/li>\n<\/ol>\n<h3 class=\"western\"><a name=\"__RefHeading___Toc79025_2502876469\"><\/a>PRZYGOTOWANIE<\/h3>\n<p align=\"justify\"><span style=\"color: #000000;\"><span style=\"font-size: small;\">Opr\u00f3cz narz\u0119dzi opisanych powy\u017cej dostajesz od nas r\u00f3wnie\u017c <\/span><\/span><span style=\"color: #000000;\"><span style=\"font-size: small;\">KART\u0118 POJAZDU, kt\u00f3r\u0105 mocujesz tak samo jak opisane wy\u017cej i wozisz j\u0105 ze sob\u0105 w poje\u017adzie. Wykonujesz r\u00f3wnie\u017c podgl\u0105d (tzw. kserokopi\u0119) jedynie pierwszej strony z\u0142o\u017conych pism z zas\u0142oni\u0119ciem tzw. nr rejestracyjnego pojazdu i tzw. nr V-I-N do okazania jako podstawa prawna przy tzw. kontroli, czy przy rozmowach o wolno\u015bci i Rdzenno\u015bci. W zak\u0142adce OZNACZENIA <\/span><\/span><span style=\"color: #000000;\"><span style=\"font-size: small;\">NARODOWE<\/span><\/span><span style=\"color: #000000;\"><span style=\"font-size: small;\"> podane s\u0105 wici, jak zam\u00f3wi\u0107 oznaczenia UNIA LACHICKA, czyli tzw. tablice na pojazd, <\/span><\/span><span style=\"color: #000000;\"><span style=\"font-size: small;\">has\u0142o do ich pobrania otrzymujesz razem z kompletem narz\u0119dzi.<\/span><\/span><\/p>\n<p align=\"justify\"><span style=\"color: #000000;\"><span style=\"font-size: small;\">Uwolnienie od Pojazdu jest jednym z wielu Uwolnie\u0144 Rdzennych <\/span><\/span><span style=\"color: #000000;\"><span style=\"font-size: small;\">opracowanych przez S\u0105d Konstytucyjny<\/span><\/span><span style=\"color: #000000;\"><span style=\"font-size: small;\"> (m.in. uwolnienia kredytowe, <\/span><\/span><span style=\"color: #000000;\"><span style=\"font-size: small;\">uwolnienia przestrzeni, uwolnienia od dzia\u0142alno\u015bci, uwolnienia od ma\u0142\u017ce\u0144stwa itd.<\/span><\/span><span style=\"color: #000000;\"><span style=\"font-size: small;\">) <\/span><\/span><\/p>\n<h3 align=\"justify\"><span style=\"color: #000000;\"><span style=\"font-size: small;\">Odezwij si\u0119 do nas na <\/span><\/span><span style=\"color: #000000;\"><span style=\"font-size: small;\"><b>biuro@narodu.pl<\/b><\/span><\/span><\/h3>\n","protected":false},"excerpt":{"rendered":"<p>Pierwszym krokiem jest opracowanie potrzebnych narz\u0119dzi prawnych. Przygotowujemy je w Biurze Narodu i wysy\u0142amy poczt\u0105 tradycyjn\u0105 do umocowania (podpisania) i z\u0142o\u017cenia w tzw. s\u0105dzie, tzw. urz\u0119dach lokalnie w miejscu Twojego [&hellip;]<\/p>\n","protected":false},"author":1,"featured_media":0,"parent":0,"menu_order":0,"comment_status":"closed","ping_status":"closed","template":"","meta":{"footnotes":""},"class_list":["post-11","page","type-page","status-publish","hentry"],"_links":{"self":[{"href":"https:\/\/unia.lachicka.pl\/index.php\/wp-json\/wp\/v2\/pages\/11","targetHints":{"allow":["GET"]}}],"collection":[{"href":"https:\/\/unia.lachicka.pl\/index.php\/wp-json\/wp\/v2\/pages"}],"about":[{"href":"https:\/\/unia.lachicka.pl\/index.php\/wp-json\/wp\/v2\/types\/page"}],"author":[{"embeddable":true,"href":"https:\/\/unia.lachicka.pl\/index.php\/wp-json\/wp\/v2\/users\/1"}],"replies":[{"embeddable":true,"href":"https:\/\/unia.lachicka.pl\/index.php\/wp-json\/wp\/v2\/comments?post=11"}],"version-history":[{"count":2,"href":"https:\/\/unia.lachicka.pl\/index.php\/wp-json\/wp\/v2\/pages\/11\/revisions"}],"predecessor-version":[{"id":13,"href":"https:\/\/unia.lachicka.pl\/index.php\/wp-json\/wp\/v2\/pages\/11\/revisions\/13"}],"wp:attachment":[{"href":"https:\/\/unia.lachicka.pl\/index.php\/wp-json\/wp\/v2\/media?parent=11"}],"curies":[{"name":"wp","href":"https:\/\/api.w.org\/{rel}","templated":true}]}}